{"id":305,"date":"2026-01-06T11:14:07","date_gmt":"2026-01-06T11:14:07","guid":{"rendered":"https:\/\/romainbrunet.com\/?page_id=305"},"modified":"2026-01-06T11:14:38","modified_gmt":"2026-01-06T11:14:38","slug":"de-la-cote-vermeille-a-la-costa-brava","status":"publish","type":"page","link":"https:\/\/romainbrunet.com\/index.php\/de-la-cote-vermeille-a-la-costa-brava\/","title":{"rendered":"De la c\u00f4te vermeille \u00e0 la Costa Brava"},"content":{"rendered":"\n<p>De Collioure (Pyr\u00e9n\u00e9es-Orientales) \u00e0 Cadaqu\u00e8s en Espagne (la ville de Dali), venez longer un bord de mer haut en couleurs, entre falaises et villages pittoresques charg\u00e9 d&#8217;histoire. Le patrimoine architectural et la gastronomie seront au rendez-vous pour cette itin\u00e9rance de 5 jours dans des h\u00f4tels confortables.<\/p>\n\n\n\n<p>** Plus d&#8217;informations \u00e0 venir **<\/p>\n\n\n\n<p><\/p>\n","protected":false},"excerpt":{"rendered":"<p>De Collioure (Pyr\u00e9n\u00e9es-Orientales) \u00e0 Cadaqu\u00e8s en Espagne (la ville de Dali), venez longer un bord&hellip;<\/p>\n","protected":false},"author":1,"featured_media":0,"parent":0,"menu_order":0,"comment_status":"closed","ping_status":"closed","template":"","meta":{"footnotes":""},"class_list":["post-305","page","type-page","status-publish","hentry"],"_links":{"self":[{"href":"https:\/\/romainbrunet.com\/index.php\/wp-json\/wp\/v2\/pages\/305","targetHints":{"allow":["GET"]}}],"collection":[{"href":"https:\/\/romainbrunet.com\/index.php\/wp-json\/wp\/v2\/pages"}],"about":[{"href":"https:\/\/romainbrunet.com\/index.php\/wp-json\/wp\/v2\/types\/page"}],"author":[{"embeddable":true,"href":"https:\/\/romainbrunet.com\/index.php\/wp-json\/wp\/v2\/users\/1"}],"replies":[{"embeddable":true,"href":"https:\/\/romainbrunet.com\/index.php\/wp-json\/wp\/v2\/comments?post=305"}],"version-history":[{"count":2,"href":"https:\/\/romainbrunet.com\/index.php\/wp-json\/wp\/v2\/pages\/305\/revisions"}],"predecessor-version":[{"id":307,"href":"https:\/\/romainbrunet.com\/index.php\/wp-json\/wp\/v2\/pages\/305\/revisions\/307"}],"wp:attachment":[{"href":"https:\/\/romainbrunet.com\/index.php\/wp-json\/wp\/v2\/media?parent=305"}],"curies":[{"name":"wp","href":"https:\/\/api.w.org\/{rel}","templated":true}]}}

De la côte vermeille à la Costa Brava

<p>De Collioure (Pyrénées-Orientales) à Cadaquès en Espagne (la ville de Dali), venez longer un bord de mer haut en couleurs, entre falaises et villages pittoresques chargé d&#8217;histoire. Le patrimoine architectural et la gastronomie seront au rendez-vous pour cette itinérance de 5 jours dans des hôtels confortables.</p>



<p>** Plus d&#8217;informations à venir **</p>



<p></p>

<p>De Collioure (Pyrénées-Orientales) à Cadaquès en Espagne (la ville de Dali), venez longer un bord&hellip;</p>
