{"id":22,"date":"2025-09-02T13:38:09","date_gmt":"2025-09-02T13:38:09","guid":{"rendered":"http:\/\/romainbrunet.com\/?page_id=22"},"modified":"2025-12-10T09:50:44","modified_gmt":"2025-12-10T09:50:44","slug":"qui-suis-je","status":"publish","type":"page","link":"https:\/\/romainbrunet.com\/index.php\/qui-suis-je\/","title":{"rendered":"Me conna\u00eetre"},"content":{"rendered":"\n<div class=\"wp-block-columns is-layout-flex wp-container-core-columns-is-layout-28f84493 wp-block-columns-is-layout-flex\">\n<div class=\"wp-block-column is-layout-flow wp-block-column-is-layout-flow\">\n<figure class=\"wp-block-image aligncenter size-full\"><img loading=\"lazy\" decoding=\"async\" width=\"171\" height=\"182\" src=\"https:\/\/romainbrunet.com\/wp-content\/uploads\/2025\/12\/moi_dessin-1.png\" alt=\"\" class=\"wp-image-209\"\/><\/figure>\n<\/div>\n\n\n\n<div class=\"wp-block-column is-layout-flow wp-block-column-is-layout-flow\">\n<figure class=\"wp-block-image aligncenter size-large is-resized is-style-rounded\"><img loading=\"lazy\" decoding=\"async\" width=\"737\" height=\"737\" src=\"https:\/\/romainbrunet.com\/wp-content\/uploads\/2025\/12\/thumbnail_IMG_4906-1-edited.jpg\" alt=\"\" class=\"wp-image-210\" style=\"width:183px;height:auto\" srcset=\"https:\/\/romainbrunet.com\/wp-content\/uploads\/2025\/12\/thumbnail_IMG_4906-1-edited.jpg 737w, https:\/\/romainbrunet.com\/wp-content\/uploads\/2025\/12\/thumbnail_IMG_4906-1-edited-300x300.jpg 300w, https:\/\/romainbrunet.com\/wp-content\/uploads\/2025\/12\/thumbnail_IMG_4906-1-edited-150x150.jpg 150w\" sizes=\"auto, (max-width: 737px) 100vw, 737px\" \/><\/figure>\n<\/div>\n<\/div>\n\n\n\n<p>Je m\u2019appelle Romain. Je partage mon temps entre trois activit\u00e9s\u00a0: le massage tantrique, l\u2019accompagnement de randonn\u00e9es en montagne et les contes.<\/p>\n\n\n\n<p>Ma vie a d\u00e9but\u00e9 dans les Alpes, au pied du Vercors. Depuis tout petit, la montagne a toujours \u00e9t\u00e9 une \u00e9vidence. J\u2019ai parcouru mes premi\u00e8res randonn\u00e9es sur le dos de mon p\u00e8re, alors que je ne savais pas encore marcher. A 6 ans, comme un symbole, j\u2019\u00e9tais au sommet de la plus haute montagne de la r\u00e9gion avec mon p\u00e8re et mes deux grands-p\u00e8res.<\/p>\n\n\n\n<p>En grandissant, mon temps libre s\u2019est partag\u00e9 entre le sport, la montagne et la lecture. Je passais beaucoup de temps \u00e0 r\u00eaver. Mon imagination \u00e9tait d\u00e9bordante, je faisais des jeux de r\u00f4les et j\u2019\u00e9crivais des histoires.<\/p>\n\n\n\n<p>Puis, jeune adulte, je me suis orient\u00e9 vers un m\u00e9tier qui avait du sens \u00e0 mes yeux et j\u2019ai obtenu un master de physique dans le domaine des \u00e9nergies renouvelables. En parall\u00e8le, ma soif de d\u00e9couverte, d\u2019aventure et de grands espaces m\u2019ont amen\u00e9s \u00e0 parcourir les Alpes, mais aussi des montagnes plus lointaines. J\u2019avais 20 ans lors de mon premier voyage en solo, lorsque je parcourais durant 4 mois la Nouvelle-Z\u00e9lande.&nbsp;J\u2019ai continu\u00e9 les ann\u00e9es suivantes&nbsp;en Indon\u00e9sie, au P\u00e9rou, en Chine, au&nbsp;N\u00e9pal, en Inde\u2026 Je suis \u00e9galement parti de chez moi en stop pour rejoindre la Norv\u00e8ge.&nbsp;<\/p>\n\n\n\n<p>Et puis en 2016, le d\u00e9c\u00e8s d\u2019un proche me fait un choc. Je me sens \u00e0 l\u2019\u00e9troit dans mon bureau. Dehors, la vie m\u2019attend. Mon envie d\u2019aventure est d\u00e9cid\u00e9ment plus grande que mon besoin de confort. Je quitte mon travail et je choisi de devenir accompagnateur en montagne.<\/p>\n\n\n\n<p>Je suis alors au contact de la Nature, et mon chemin prend une autre direction. Je partage ma vision de la montagne, en red\u00e9couvrant le lien que j\u2019avais perdu \u00e0 mon environnement, et au vivant. Je sens que la prise de conscience \u00e9cologique ne se fera pas par des concepts et des mots, mais par l\u2019exp\u00e9rience, par le contact direct avec la Nature.<\/p>\n\n\n\n<p>En 2019, la part du r\u00eaveur en moi revient me chuchoter au creux de l\u2019oreille. Je parle de la&nbsp;Nature aux personnes que j\u2019emm\u00e8ne en montagne, pourquoi ne le ferais-je pas en histoires ? Alors je commence \u00e0 raconter, \u00e0 conter. Et j\u2019adore \u00e7a. Je le fais dans les randonn\u00e9es avec les enfants, puis les adultes aussi. Je le fais dans des veill\u00e9es. Dans les festivals. Puis je me forme avec des professionnels et je deviens petit \u00e0 petit conteur.<\/p>\n\n\n\n<p>En 2020, un nouveau bouleversement. Je me s\u00e9pare d\u2019une relation de 9 ans. Je me remets profond\u00e9ment en question, je casse mes certitudes et mes anciennes croyances. J\u2019ouvre les portes du \u2018monde invisible\u2019 et je mets de c\u00f4t\u00e9 mon scepticisme cart\u00e9sien. C\u2019est alors que je prends conscience de\u00a0l\u2019\u00e9nergie qui circule \u00e0 l\u2019int\u00e9rieur de moi. Je participe \u00e0 des formations (chamanisme, reiki, bio\u00e9nergie) et je lis beaucoup sur le sujet. Petit \u00e0 petit,\u00a0je prends conscience que le toucher a toujours \u00e9t\u00e9 tr\u00e8s important pour moi, depuis l\u2019enfance. Je me forme au reiki, puis au massage tantrique. C\u2019est une v\u00e9ritable r\u00e9v\u00e9lation et une nouvelle voie qui s\u2019ouvre. Je d\u00e9cide de me former pour devenir professionnel.<\/p>\n\n\n\n<p>Depuis l\u2019\u00e9t\u00e9 2024, je vis pr\u00e8s de Narbonne avec ma fille, ma compagne et ses enfants. Mon temps est partag\u00e9 entre les massages, les contes, les s\u00e9jours dans les Alpes, l&#8217;Islande, la Norv\u00e8ge et le Japon.<\/p>\n\n\n\n<h2 class=\"wp-block-heading\">Ils parlent de moi<\/h2>\n\n\n\n<ul class=\"wp-block-list\">\n<li><a href=\"https:\/\/www.vanityfair.fr\/give\/story\/give-ce-que-la-foret-dit-de-nous\/12998\" data-type=\"link\" data-id=\"https:\/\/www.vanityfair.fr\/give\/story\/give-ce-que-la-foret-dit-de-nous\/12998\">G.I.V.E (Vanity fair) &#8211; &#8220;Ce que la for\u00eat dit de nous&#8221; &#8211; janvier 2021<\/a><\/li>\n\n\n\n<li><a href=\"https:\/\/www.isere.fr\/sites\/default\/files\/2024-12\/isere-mag-41.pdf\" data-type=\"link\" data-id=\"https:\/\/www.isere.fr\/sites\/default\/files\/2024-12\/isere-mag-41.pdf\">Is\u00e8re mag &#8211; &#8220;Sports nature : des m\u00e9tiers qui font r\u00eaver&#8221; &#8211; juin 2023<\/a> <a href=\"https:\/\/www.isere.fr\/sites\/default\/files\/2024-12\/isere-mag-41.pdf\" data-type=\"link\" data-id=\"https:\/\/www.isere.fr\/sites\/default\/files\/2024-12\/isere-mag-41.pdf\">(article page 12)<\/a><\/li>\n\n\n\n<li><a href=\"https:\/\/www.outside.fr\/tout-quitter-pour-devenir-accompagnateur-en-moyenne-montagne\/\" data-type=\"link\" data-id=\"https:\/\/www.outside.fr\/tout-quitter-pour-devenir-accompagnateur-en-moyenne-montagne\/\">Outside &#8211; &#8220;Tout quitter pour devenir accompagnateur en montagne&#8221; &#8211; novembre 2025<\/a><\/li>\n<\/ul>\n\n\n\n<p><\/p>\n","protected":false},"excerpt":{"rendered":"<p>Je m\u2019appelle Romain. Je partage mon temps entre trois activit\u00e9s\u00a0: le massage tantrique, l\u2019accompagnement de&hellip;<\/p>\n","protected":false},"author":1,"featured_media":0,"parent":0,"menu_order":0,"comment_status":"closed","ping_status":"closed","template":"","meta":{"footnotes":""},"class_list":["post-22","page","type-page","status-publish","hentry"],"_links":{"self":[{"href":"https:\/\/romainbrunet.com\/index.php\/wp-json\/wp\/v2\/pages\/22","targetHints":{"allow":["GET"]}}],"collection":[{"href":"https:\/\/romainbrunet.com\/index.php\/wp-json\/wp\/v2\/pages"}],"about":[{"href":"https:\/\/romainbrunet.com\/index.php\/wp-json\/wp\/v2\/types\/page"}],"author":[{"embeddable":true,"href":"https:\/\/romainbrunet.com\/index.php\/wp-json\/wp\/v2\/users\/1"}],"replies":[{"embeddable":true,"href":"https:\/\/romainbrunet.com\/index.php\/wp-json\/wp\/v2\/comments?post=22"}],"version-history":[{"count":13,"href":"https:\/\/romainbrunet.com\/index.php\/wp-json\/wp\/v2\/pages\/22\/revisions"}],"predecessor-version":[{"id":214,"href":"https:\/\/romainbrunet.com\/index.php\/wp-json\/wp\/v2\/pages\/22\/revisions\/214"}],"wp:attachment":[{"href":"https:\/\/romainbrunet.com\/index.php\/wp-json\/wp\/v2\/media?parent=22"}],"curies":[{"name":"wp","href":"https:\/\/api.w.org\/{rel}","templated":true}]}}

Me connaître

<div class="wp-block-columns is-layout-flex wp-container-core-columns-is-layout-28f84493 wp-block-columns-is-layout-flex">
<div class="wp-block-column is-layout-flow wp-block-column-is-layout-flow">
<figure class="wp-block-image aligncenter size-full"><img loading="lazy" decoding="async" width="171" height="182" src="https://romainbrunet.com/wp-content/uploads/2025/12/moi_dessin-1.png" alt="" class="wp-image-209"/></figure>
</div>



<div class="wp-block-column is-layout-flow wp-block-column-is-layout-flow">
<figure class="wp-block-image aligncenter size-large is-resized is-style-rounded"><img loading="lazy" decoding="async" width="737" height="737" src="https://romainbrunet.com/wp-content/uploads/2025/12/thumbnail_IMG_4906-1-edited.jpg" alt="" class="wp-image-210" style="width:183px;height:auto" srcset="https://romainbrunet.com/wp-content/uploads/2025/12/thumbnail_IMG_4906-1-edited.jpg 737w, https://romainbrunet.com/wp-content/uploads/2025/12/thumbnail_IMG_4906-1-edited-300x300.jpg 300w, https://romainbrunet.com/wp-content/uploads/2025/12/thumbnail_IMG_4906-1-edited-150x150.jpg 150w" sizes="auto, (max-width: 737px) 100vw, 737px" /></figure>
</div>
</div>



<p>Je m’appelle Romain. Je partage mon temps entre trois activités : le massage tantrique, l’accompagnement de randonnées en montagne et les contes.</p>



<p>Ma vie a débuté dans les Alpes, au pied du Vercors. Depuis tout petit, la montagne a toujours été une évidence. J’ai parcouru mes premières randonnées sur le dos de mon père, alors que je ne savais pas encore marcher. A 6 ans, comme un symbole, j’étais au sommet de la plus haute montagne de la région avec mon père et mes deux grands-pères.</p>



<p>En grandissant, mon temps libre s’est partagé entre le sport, la montagne et la lecture. Je passais beaucoup de temps à rêver. Mon imagination était débordante, je faisais des jeux de rôles et j’écrivais des histoires.</p>



<p>Puis, jeune adulte, je me suis orienté vers un métier qui avait du sens à mes yeux et j’ai obtenu un master de physique dans le domaine des énergies renouvelables. En parallèle, ma soif de découverte, d’aventure et de grands espaces m’ont amenés à parcourir les Alpes, mais aussi des montagnes plus lointaines. J’avais 20 ans lors de mon premier voyage en solo, lorsque je parcourais durant 4 mois la Nouvelle-Zélande.&nbsp;J’ai continué les années suivantes&nbsp;en Indonésie, au Pérou, en Chine, au&nbsp;Népal, en Inde… Je suis également parti de chez moi en stop pour rejoindre la Norvège.&nbsp;</p>



<p>Et puis en 2016, le décès d’un proche me fait un choc. Je me sens à l’étroit dans mon bureau. Dehors, la vie m’attend. Mon envie d’aventure est décidément plus grande que mon besoin de confort. Je quitte mon travail et je choisi de devenir accompagnateur en montagne.</p>



<p>Je suis alors au contact de la Nature, et mon chemin prend une autre direction. Je partage ma vision de la montagne, en redécouvrant le lien que j’avais perdu à mon environnement, et au vivant. Je sens que la prise de conscience écologique ne se fera pas par des concepts et des mots, mais par l’expérience, par le contact direct avec la Nature.</p>



<p>En 2019, la part du rêveur en moi revient me chuchoter au creux de l’oreille. Je parle de la&nbsp;Nature aux personnes que j’emmène en montagne, pourquoi ne le ferais-je pas en histoires ? Alors je commence à raconter, à conter. Et j’adore ça. Je le fais dans les randonnées avec les enfants, puis les adultes aussi. Je le fais dans des veillées. Dans les festivals. Puis je me forme avec des professionnels et je deviens petit à petit conteur.</p>



<p>En 2020, un nouveau bouleversement. Je me sépare d’une relation de 9 ans. Je me remets profondément en question, je casse mes certitudes et mes anciennes croyances. J’ouvre les portes du ‘monde invisible’ et je mets de côté mon scepticisme cartésien. C’est alors que je prends conscience de l’énergie qui circule à l’intérieur de moi. Je participe à des formations (chamanisme, reiki, bioénergie) et je lis beaucoup sur le sujet. Petit à petit, je prends conscience que le toucher a toujours été très important pour moi, depuis l’enfance. Je me forme au reiki, puis au massage tantrique. C’est une véritable révélation et une nouvelle voie qui s’ouvre. Je décide de me former pour devenir professionnel.</p>



<p>Depuis l’été 2024, je vis près de Narbonne avec ma fille, ma compagne et ses enfants. Mon temps est partagé entre les massages, les contes, les séjours dans les Alpes, l&#8217;Islande, la Norvège et le Japon.</p>



<h2 class="wp-block-heading">Ils parlent de moi</h2>



<ul class="wp-block-list">
<li><a href="https://www.vanityfair.fr/give/story/give-ce-que-la-foret-dit-de-nous/12998" data-type="link" data-id="https://www.vanityfair.fr/give/story/give-ce-que-la-foret-dit-de-nous/12998">G.I.V.E (Vanity fair) &#8211; &#8220;Ce que la forêt dit de nous&#8221; &#8211; janvier 2021</a></li>



<li><a href="https://www.isere.fr/sites/default/files/2024-12/isere-mag-41.pdf" data-type="link" data-id="https://www.isere.fr/sites/default/files/2024-12/isere-mag-41.pdf">Isère mag &#8211; &#8220;Sports nature : des métiers qui font rêver&#8221; &#8211; juin 2023</a> <a href="https://www.isere.fr/sites/default/files/2024-12/isere-mag-41.pdf" data-type="link" data-id="https://www.isere.fr/sites/default/files/2024-12/isere-mag-41.pdf">(article page 12)</a></li>



<li><a href="https://www.outside.fr/tout-quitter-pour-devenir-accompagnateur-en-moyenne-montagne/" data-type="link" data-id="https://www.outside.fr/tout-quitter-pour-devenir-accompagnateur-en-moyenne-montagne/">Outside &#8211; &#8220;Tout quitter pour devenir accompagnateur en montagne&#8221; &#8211; novembre 2025</a></li>
</ul>



<p></p>

<p>Je m’appelle Romain. Je partage mon temps entre trois activités : le massage tantrique, l’accompagnement de&hellip;</p>
