{"id":184,"date":"2025-12-05T14:53:14","date_gmt":"2025-12-05T14:53:14","guid":{"rendered":"https:\/\/romainbrunet.com\/?page_id=184"},"modified":"2026-01-02T22:02:38","modified_gmt":"2026-01-02T22:02:38","slug":"sejours","status":"publish","type":"page","link":"https:\/\/romainbrunet.com\/index.php\/sejours\/","title":{"rendered":"S\u00e9jours"},"content":{"rendered":"\n<div class=\"wp-block-group pattern-services is-layout-constrained wp-block-group-is-layout-constrained\" style=\"padding-top:var(--wp--preset--spacing--medium);padding-bottom:var(--wp--preset--spacing--medium)\">\n<p class=\"has-text-align-center\">Les s\u00e9jours propos\u00e9s peuvent se vivre le temps d&#8217;un week-end, ou d&#8217;une ou plusieurs semaines.<\/p>\n\n\n\n<p class=\"has-text-align-center\"><strong>Tous les s\u00e9jours ayant des dates pour 2026 sont confirm\u00e9s.<\/strong><\/p>\n\n\n\n<p class=\"has-text-align-center\"><strong>Le s\u00e9jour &#8220;<a href=\"https:\/\/romainbrunet.com\/index.php\/au-coeur-de-soi\/\" data-type=\"page\" data-id=\"70\">Au c\u0153ur de soi<\/a>&#8221; est confirm\u00e9 ! <\/strong>Ne tardez pas si vous souhaitez vous inscrire !<\/p>\n\n\n\n<div style=\"height:1rem\" aria-hidden=\"true\" class=\"wp-block-spacer\"><\/div>\n\n\n\n<div class=\"wp-block-columns p-animation-move-sideways is-layout-flex wp-container-core-columns-is-layout-318252f0 wp-block-columns-is-layout-flex\">\n<div class=\"wp-block-column is-layout-flow wp-block-column-is-layout-flow\">\n<figure class=\"wp-block-image size-full\"><a href=\"https:\/\/romainbrunet.com\/index.php\/au-coeur-de-soi\/\"><img loading=\"lazy\" decoding=\"async\" width=\"853\" height=\"853\" src=\"http:\/\/romainbrunet.com\/wp-content\/uploads\/2025\/11\/4caecf6d0de17d0f9d2eae3bb5ef5dc9-e1762810505301.jpg\" alt=\"\" class=\"wp-image-53\" srcset=\"https:\/\/romainbrunet.com\/wp-content\/uploads\/2025\/11\/4caecf6d0de17d0f9d2eae3bb5ef5dc9-e1762810505301.jpg 853w, https:\/\/romainbrunet.com\/wp-content\/uploads\/2025\/11\/4caecf6d0de17d0f9d2eae3bb5ef5dc9-e1762810505301-300x300.jpg 300w, https:\/\/romainbrunet.com\/wp-content\/uploads\/2025\/11\/4caecf6d0de17d0f9d2eae3bb5ef5dc9-e1762810505301-150x150.jpg 150w, https:\/\/romainbrunet.com\/wp-content\/uploads\/2025\/11\/4caecf6d0de17d0f9d2eae3bb5ef5dc9-e1762810505301-768x768.jpg 768w\" sizes=\"auto, (max-width: 853px) 100vw, 853px\" \/><\/a><\/figure>\n\n\n\n<div class=\"wp-block-group has-gray-background-color has-background is-layout-constrained wp-container-core-group-is-layout-dbf27b9b wp-block-group-is-layout-constrained\" style=\"padding-top:var(--wp--preset--spacing--small);padding-right:var(--wp--preset--spacing--small);padding-bottom:var(--wp--preset--spacing--small);padding-left:var(--wp--preset--spacing--small)\">\n<h3 class=\"wp-block-heading has-text-align-center\"><a href=\"https:\/\/romainbrunet.com\/index.php\/au-coeur-de-soi\/\" data-type=\"page\" data-id=\"70\">Stage &#8220;Au coeur de soi&#8221;<\/a><\/h3>\n\n\n\n<p class=\"has-text-align-center\">Randonn\u00e9es &amp; Arts dans l&#8217;Aude sur la mythique montagne de Bugarach.<\/p>\n\n\n\n<p class=\"has-text-align-center\"><strong>Prochaine date :<\/strong><\/p>\n\n\n\n<p class=\"has-text-align-center\"><strong>30 avril au 3 mai 2026<\/strong><\/p>\n<\/div>\n<\/div>\n\n\n\n<div class=\"wp-block-column is-layout-flow wp-block-column-is-layout-flow\">\n<figure class=\"wp-block-image size-full\"><img loading=\"lazy\" decoding=\"async\" width=\"1007\" height=\"596\" src=\"https:\/\/romainbrunet.com\/wp-content\/uploads\/2025\/12\/PA1_raquettes-et-aurores-boreales-en-lofoten.jpeg\" alt=\"\" class=\"wp-image-234\" srcset=\"https:\/\/romainbrunet.com\/wp-content\/uploads\/2025\/12\/PA1_raquettes-et-aurores-boreales-en-lofoten.jpeg 1007w, https:\/\/romainbrunet.com\/wp-content\/uploads\/2025\/12\/PA1_raquettes-et-aurores-boreales-en-lofoten-300x178.jpeg 300w, https:\/\/romainbrunet.com\/wp-content\/uploads\/2025\/12\/PA1_raquettes-et-aurores-boreales-en-lofoten-768x455.jpeg 768w\" sizes=\"auto, (max-width: 1007px) 100vw, 1007px\" \/><\/figure>\n\n\n\n<div class=\"wp-block-group has-gray-background-color has-background is-layout-constrained wp-container-core-group-is-layout-dbf27b9b wp-block-group-is-layout-constrained\" style=\"padding-top:var(--wp--preset--spacing--small);padding-right:var(--wp--preset--spacing--small);padding-bottom:var(--wp--preset--spacing--small);padding-left:var(--wp--preset--spacing--small)\">\n<h3 class=\"wp-block-heading has-text-align-center\">Norv\u00e8ge<\/h3>\n\n\n\n<p class=\"has-text-align-center\">Raquettes &amp; aurores bor\u00e9ales aux \u00eeles Lofoten.<\/p>\n\n\n\n<p class=\"has-text-align-center\"><strong>Prochain d\u00e9part :<\/strong><\/p>\n\n\n\n<p class=\"has-text-align-center\"><strong>du 1er au 8 mars 2026<\/strong><\/p>\n\n\n\n<p class=\"has-text-align-center\"><strong>COMPLET<\/strong><\/p>\n<\/div>\n<\/div>\n\n\n\n<div class=\"wp-block-column is-layout-flow wp-block-column-is-layout-flow\">\n<figure class=\"wp-block-gallery has-nested-images columns-default is-cropped wp-block-gallery-1 is-layout-flex wp-block-gallery-is-layout-flex\">\n<figure class=\"wp-block-image size-full\"><img loading=\"lazy\" decoding=\"async\" width=\"1008\" height=\"595\" data-id=\"236\" src=\"https:\/\/romainbrunet.com\/wp-content\/uploads\/2025\/12\/PA1_decouverte-boreale-des-iles-lofoten.jpeg\" alt=\"\" class=\"wp-image-236\" srcset=\"https:\/\/romainbrunet.com\/wp-content\/uploads\/2025\/12\/PA1_decouverte-boreale-des-iles-lofoten.jpeg 1008w, https:\/\/romainbrunet.com\/wp-content\/uploads\/2025\/12\/PA1_decouverte-boreale-des-iles-lofoten-300x177.jpeg 300w, https:\/\/romainbrunet.com\/wp-content\/uploads\/2025\/12\/PA1_decouverte-boreale-des-iles-lofoten-768x453.jpeg 768w\" sizes=\"auto, (max-width: 1008px) 100vw, 1008px\" \/><\/figure>\n<\/figure>\n\n\n\n<div class=\"wp-block-group has-gray-background-color has-background is-layout-constrained wp-container-core-group-is-layout-dbf27b9b wp-block-group-is-layout-constrained\" style=\"padding-top:var(--wp--preset--spacing--small);padding-right:var(--wp--preset--spacing--small);padding-bottom:var(--wp--preset--spacing--small);padding-left:var(--wp--preset--spacing--small)\">\n<h3 class=\"wp-block-heading has-text-align-center\">Norv\u00e8ge<\/h3>\n\n\n\n<p class=\"has-text-align-center\">D\u00e9couverte des \u00eeles Lofoten en hiver &#8211; randonn\u00e9es faciles.<\/p>\n\n\n\n<p class=\"has-text-align-center\"><strong>Prochain d\u00e9part :<\/strong><\/p>\n\n\n\n<p class=\"has-text-align-center\"><strong>du 22 f\u00e9vrier au 1er mars 2026<\/strong><\/p>\n<\/div>\n<\/div>\n<\/div>\n<\/div>\n\n\n\n<div class=\"wp-block-group pattern-services is-layout-constrained wp-block-group-is-layout-constrained\" style=\"padding-top:var(--wp--preset--spacing--medium);padding-bottom:var(--wp--preset--spacing--medium)\">\n<div class=\"wp-block-columns p-animation-move-sideways is-layout-flex wp-container-core-columns-is-layout-318252f0 wp-block-columns-is-layout-flex\">\n<div class=\"wp-block-column is-layout-flow wp-block-column-is-layout-flow\">\n<figure class=\"wp-block-image size-large\"><img loading=\"lazy\" decoding=\"async\" width=\"1024\" height=\"768\" src=\"https:\/\/romainbrunet.com\/wp-content\/uploads\/2025\/12\/amazing-aerial-panoramic-view-photo-of-cadaques-small-cizy-city-by-the-sea-in-spain-frap03-1024x768.jpg\" alt=\"\" class=\"wp-image-238\" srcset=\"https:\/\/romainbrunet.com\/wp-content\/uploads\/2025\/12\/amazing-aerial-panoramic-view-photo-of-cadaques-small-cizy-city-by-the-sea-in-spain-frap03-1024x768.jpg 1024w, https:\/\/romainbrunet.com\/wp-content\/uploads\/2025\/12\/amazing-aerial-panoramic-view-photo-of-cadaques-small-cizy-city-by-the-sea-in-spain-frap03-300x225.jpg 300w, https:\/\/romainbrunet.com\/wp-content\/uploads\/2025\/12\/amazing-aerial-panoramic-view-photo-of-cadaques-small-cizy-city-by-the-sea-in-spain-frap03-768x576.jpg 768w, https:\/\/romainbrunet.com\/wp-content\/uploads\/2025\/12\/amazing-aerial-panoramic-view-photo-of-cadaques-small-cizy-city-by-the-sea-in-spain-frap03-1536x1152.jpg 1536w, https:\/\/romainbrunet.com\/wp-content\/uploads\/2025\/12\/amazing-aerial-panoramic-view-photo-of-cadaques-small-cizy-city-by-the-sea-in-spain-frap03.jpg 1600w\" sizes=\"auto, (max-width: 1024px) 100vw, 1024px\" \/><\/figure>\n\n\n\n<div class=\"wp-block-group has-gray-background-color has-background is-layout-constrained wp-container-core-group-is-layout-dbf27b9b wp-block-group-is-layout-constrained\" style=\"padding-top:var(--wp--preset--spacing--small);padding-right:var(--wp--preset--spacing--small);padding-bottom:var(--wp--preset--spacing--small);padding-left:var(--wp--preset--spacing--small)\">\n<h3 class=\"wp-block-heading has-text-align-center\">De la c\u00f4te vermeille \u00e0 la Costa Brava<\/h3>\n\n\n\n<p class=\"has-text-align-center\">Randonn\u00e9es en bord de mer de Collioure (France) \u00e0 Cadaqu\u00e8s (Espagne).<\/p>\n\n\n\n<p class=\"has-text-align-center\"><strong>Prochaine date :<\/strong><\/p>\n\n\n\n<p class=\"has-text-align-center\"><strong>du 26 septembre au 3 octobre 2026<\/strong><\/p>\n<\/div>\n<\/div>\n\n\n\n<div class=\"wp-block-column is-layout-flow wp-block-column-is-layout-flow\">\n<figure class=\"wp-block-image size-large\"><img loading=\"lazy\" decoding=\"async\" width=\"1024\" height=\"485\" src=\"http:\/\/romainbrunet.com\/wp-content\/uploads\/2025\/12\/8e52a3c2-2fbd-4f6d-8796-d307661667db-1024x485.jpg\" alt=\"\" class=\"wp-image-199\" srcset=\"https:\/\/romainbrunet.com\/wp-content\/uploads\/2025\/12\/8e52a3c2-2fbd-4f6d-8796-d307661667db-1024x485.jpg 1024w, https:\/\/romainbrunet.com\/wp-content\/uploads\/2025\/12\/8e52a3c2-2fbd-4f6d-8796-d307661667db-300x142.jpg 300w, https:\/\/romainbrunet.com\/wp-content\/uploads\/2025\/12\/8e52a3c2-2fbd-4f6d-8796-d307661667db-768x364.jpg 768w, https:\/\/romainbrunet.com\/wp-content\/uploads\/2025\/12\/8e52a3c2-2fbd-4f6d-8796-d307661667db-1536x728.jpg 1536w, https:\/\/romainbrunet.com\/wp-content\/uploads\/2025\/12\/8e52a3c2-2fbd-4f6d-8796-d307661667db-2048x970.jpg 2048w\" sizes=\"auto, (max-width: 1024px) 100vw, 1024px\" \/><\/figure>\n\n\n\n<div class=\"wp-block-group has-gray-background-color has-background is-layout-constrained wp-container-core-group-is-layout-dbf27b9b wp-block-group-is-layout-constrained\" style=\"padding-top:var(--wp--preset--spacing--small);padding-right:var(--wp--preset--spacing--small);padding-bottom:var(--wp--preset--spacing--small);padding-left:var(--wp--preset--spacing--small)\">\n<h4 class=\"wp-block-heading has-text-align-center\"><a href=\"https:\/\/romainbrunet.com\/index.php\/vercors-les-hauts-plateaux\/\">Les Hauts plateaux du Vercors<\/a><\/h4>\n\n\n\n<p class=\"has-text-align-center\">Venez \u00e0 la d\u00e9couverte de la plus grande r\u00e9serve naturelle de France m\u00e9tropolitaine. Sur un massif charg\u00e9 d&#8217;histoire, des paysages uniques s&#8217;offrent \u00e0 vous.<\/p>\n\n\n\n<p class=\"has-text-align-center\">Ce s\u00e9jour est possible en \u00e9t\u00e9 comme hiver (en raquettes).<\/p>\n\n\n\n<p class=\"has-text-align-center\"><strong>Prochaines dates :<\/strong><\/p>\n\n\n\n<p class=\"has-text-align-center\"><strong>hiver 2025\/2026<\/strong><\/p>\n<\/div>\n<\/div>\n\n\n\n<div class=\"wp-block-column is-layout-flow wp-block-column-is-layout-flow\">\n<figure class=\"wp-block-image size-full\"><img loading=\"lazy\" decoding=\"async\" width=\"2048\" height=\"1536\" src=\"https:\/\/romainbrunet.com\/wp-content\/uploads\/2025\/12\/IMG_0927.jpg\" alt=\"\" class=\"wp-image-215\" srcset=\"https:\/\/romainbrunet.com\/wp-content\/uploads\/2025\/12\/IMG_0927.jpg 2048w, https:\/\/romainbrunet.com\/wp-content\/uploads\/2025\/12\/IMG_0927-300x225.jpg 300w, https:\/\/romainbrunet.com\/wp-content\/uploads\/2025\/12\/IMG_0927-1024x768.jpg 1024w, https:\/\/romainbrunet.com\/wp-content\/uploads\/2025\/12\/IMG_0927-768x576.jpg 768w, https:\/\/romainbrunet.com\/wp-content\/uploads\/2025\/12\/IMG_0927-1536x1152.jpg 1536w\" sizes=\"auto, (max-width: 2048px) 100vw, 2048px\" \/><\/figure>\n\n\n\n<div class=\"wp-block-group has-gray-background-color has-background is-layout-constrained wp-container-core-group-is-layout-dbf27b9b wp-block-group-is-layout-constrained\" style=\"padding-top:var(--wp--preset--spacing--small);padding-right:var(--wp--preset--spacing--small);padding-bottom:var(--wp--preset--spacing--small);padding-left:var(--wp--preset--spacing--small)\">\n<h3 class=\"wp-block-heading has-text-align-center\">Japon<\/h3>\n\n\n\n<p class=\"has-text-align-center\">Un itin\u00e9raire complet en 3 semaines, avec randonn\u00e9es et visites culturelles.<\/p>\n\n\n\n<p class=\"has-text-align-center\"><strong>Prochain d\u00e9part :<\/strong><\/p>\n\n\n\n<p class=\"has-text-align-center\"><strong>18 octobre au 6 novembre 2026<\/strong><\/p>\n<\/div>\n<\/div>\n<\/div>\n<\/div>\n\n\n\n<div class=\"wp-block-group pattern-services is-layout-constrained wp-block-group-is-layout-constrained\" style=\"padding-top:var(--wp--preset--spacing--medium);padding-bottom:var(--wp--preset--spacing--medium)\">\n<div class=\"wp-block-columns p-animation-move-sideways is-layout-flex wp-container-core-columns-is-layout-318252f0 wp-block-columns-is-layout-flex\">\n<div class=\"wp-block-column is-layout-flow wp-block-column-is-layout-flow\"><\/div>\n\n\n\n<div class=\"wp-block-column is-layout-flow wp-block-column-is-layout-flow\">\n<figure class=\"wp-block-image size-full\"><a href=\"https:\/\/romainbrunet.com\/index.php\/tour-des-perics\/\"><img loading=\"lazy\" decoding=\"async\" width=\"2560\" height=\"1920\" src=\"https:\/\/romainbrunet.com\/wp-content\/uploads\/2025\/12\/EM525288-scaled.jpg\" alt=\"\" class=\"wp-image-200\" srcset=\"https:\/\/romainbrunet.com\/wp-content\/uploads\/2025\/12\/EM525288-scaled.jpg 2560w, https:\/\/romainbrunet.com\/wp-content\/uploads\/2025\/12\/EM525288-300x225.jpg 300w, https:\/\/romainbrunet.com\/wp-content\/uploads\/2025\/12\/EM525288-1024x768.jpg 1024w, https:\/\/romainbrunet.com\/wp-content\/uploads\/2025\/12\/EM525288-768x576.jpg 768w, https:\/\/romainbrunet.com\/wp-content\/uploads\/2025\/12\/EM525288-1536x1152.jpg 1536w, https:\/\/romainbrunet.com\/wp-content\/uploads\/2025\/12\/EM525288-2048x1536.jpg 2048w\" sizes=\"auto, (max-width: 2560px) 100vw, 2560px\" \/><\/a><\/figure>\n\n\n\n<div class=\"wp-block-group has-gray-background-color has-background is-layout-constrained wp-container-core-group-is-layout-dbf27b9b wp-block-group-is-layout-constrained\" style=\"padding-top:var(--wp--preset--spacing--small);padding-right:var(--wp--preset--spacing--small);padding-bottom:var(--wp--preset--spacing--small);padding-left:var(--wp--preset--spacing--small)\">\n<h3 class=\"wp-block-heading has-text-align-center\"><a href=\"https:\/\/romainbrunet.com\/index.php\/tour-des-perics\/\">Le tour des P\u00e9rics<\/a><\/h3>\n\n\n\n<p class=\"has-text-align-center\">Une boucle de 4 jours entre Pyr\u00e9n\u00e9es-Orientales et Haute-Ari\u00e8ge avec nuits en refuge. Venez faire le plein de grands espaces. <\/p>\n\n\n\n<p class=\"has-text-align-center\"><strong>Prochaines dates :<\/strong><\/p>\n\n\n\n<p class=\"has-text-align-center\"><strong>\u00e9t\u00e9 2026<\/strong><\/p>\n<\/div>\n<\/div>\n\n\n\n<div class=\"wp-block-column is-layout-flow wp-block-column-is-layout-flow\"><\/div>\n<\/div>\n<\/div>\n\n\n\n<p><\/p>\n","protected":false},"excerpt":{"rendered":"<p>Les s\u00e9jours propos\u00e9s peuvent se vivre le temps d&#8217;un week-end, ou d&#8217;une ou plusieurs semaines.&hellip;<\/p>\n","protected":false},"author":1,"featured_media":0,"parent":0,"menu_order":0,"comment_status":"closed","ping_status":"closed","template":"","meta":{"footnotes":""},"class_list":["post-184","page","type-page","status-publish","hentry"],"_links":{"self":[{"href":"https:\/\/romainbrunet.com\/index.php\/wp-json\/wp\/v2\/pages\/184","targetHints":{"allow":["GET"]}}],"collection":[{"href":"https:\/\/romainbrunet.com\/index.php\/wp-json\/wp\/v2\/pages"}],"about":[{"href":"https:\/\/romainbrunet.com\/index.php\/wp-json\/wp\/v2\/types\/page"}],"author":[{"embeddable":true,"href":"https:\/\/romainbrunet.com\/index.php\/wp-json\/wp\/v2\/users\/1"}],"replies":[{"embeddable":true,"href":"https:\/\/romainbrunet.com\/index.php\/wp-json\/wp\/v2\/comments?post=184"}],"version-history":[{"count":25,"href":"https:\/\/romainbrunet.com\/index.php\/wp-json\/wp\/v2\/pages\/184\/revisions"}],"predecessor-version":[{"id":270,"href":"https:\/\/romainbrunet.com\/index.php\/wp-json\/wp\/v2\/pages\/184\/revisions\/270"}],"wp:attachment":[{"href":"https:\/\/romainbrunet.com\/index.php\/wp-json\/wp\/v2\/media?parent=184"}],"curies":[{"name":"wp","href":"https:\/\/api.w.org\/{rel}","templated":true}]}}